{"id":689,"date":"2026-04-02T09:25:34","date_gmt":"2026-04-02T09:25:34","guid":{"rendered":"https:\/\/www.dominikusringeisen.de\/?post_type=product&#038;p=689"},"modified":"2026-04-02T10:07:30","modified_gmt":"2026-04-02T10:07:30","slug":"between-thoughts-vinyl-edition-album","status":"publish","type":"product","link":"https:\/\/www.dominikusringeisen.de\/index.php\/produkt\/between-thoughts-vinyl-edition-album\/","title":{"rendered":"Between Thoughts (vinyl edition album)"},"content":{"rendered":"<p>[et_pb_section fb_built=&#8220;1&#8243; _builder_version=&#8220;4.16&#8243; custom_padding=&#8220;0px||||false|false&#8220; global_colors_info=&#8220;{}&#8220;][et_pb_row _builder_version=&#8220;4.16&#8243; background_size=&#8220;initial&#8220; background_position=&#8220;top_left&#8220; background_repeat=&#8220;repeat&#8220; width=&#8220;100%&#8220; custom_padding=&#8220;0px||0px||false|false&#8220; global_colors_info=&#8220;{}&#8220;][et_pb_column type=&#8220;4_4&#8243; _builder_version=&#8220;4.16&#8243; custom_padding=&#8220;|||&#8220; global_colors_info=&#8220;{}&#8220; custom_padding__hover=&#8220;|||&#8220;][et_pb_wc_breadcrumb _builder_version=&#8220;4.27.5&#8243; body_font=&#8220;||||||||&#8220; body_font_size=&#8220;22px&#8220; body_line_height=&#8220;1.5em&#8220; custom_css_free_form=&#8220;h1 { font-family: %22alumni-sans-pinstripe%22; }||||h2 { font-family: %22alumni-sans-pinstripe%22; }||||h3 { font-family: %22alumni-sans-pinstripe%22; }||||h4 { font-family: %22alumni-sans-pinstripe%22; }||||h5 { font-family: %22alumni-sans-pinstripe%22; }||||p { font-family: %22alumni-sans-pinstripe%22; }&#8220; global_colors_info=&#8220;{}&#8220;][\/et_pb_wc_breadcrumb][et_pb_wc_cart_notice _builder_version=&#8220;4.27.5&#8243; title_line_height=&#8220;1.4em&#8220; content_font=&#8220;||||||||&#8220; content_font_size=&#8220;22px&#8220; content_line_height=&#8220;1.4em&#8220; custom_button=&#8220;on&#8220; button_text_size=&#8220;18px&#8220; global_colors_info=&#8220;{}&#8220;][\/et_pb_wc_cart_notice][\/et_pb_column][\/et_pb_row][et_pb_row column_structure=&#8220;1_2,1_2&#8243; _builder_version=&#8220;4.16&#8243; background_size=&#8220;initial&#8220; background_position=&#8220;top_left&#8220; background_repeat=&#8220;repeat&#8220; width=&#8220;100%&#8220; custom_padding=&#8220;0px||||false|false&#8220; global_colors_info=&#8220;{}&#8220;][et_pb_column type=&#8220;1_2&#8243; _builder_version=&#8220;4.16&#8243; custom_padding=&#8220;|||&#8220; global_colors_info=&#8220;{}&#8220; custom_padding__hover=&#8220;|||&#8220;][et_pb_wc_images _builder_version=&#8220;4.16&#8243; global_colors_info=&#8220;{}&#8220;][\/et_pb_wc_images][\/et_pb_column][et_pb_column type=&#8220;1_2&#8243; _builder_version=&#8220;4.16&#8243; custom_padding=&#8220;|||&#8220; global_colors_info=&#8220;{}&#8220; custom_padding__hover=&#8220;|||&#8220;][et_pb_wc_title _builder_version=&#8220;4.16&#8243; global_colors_info=&#8220;{}&#8220;][\/et_pb_wc_title][et_pb_wc_rating _builder_version=&#8220;4.27.5&#8243; rating_font_size=&#8220;25px&#8220; body_font_size=&#8220;21px&#8220; body_line_height=&#8220;1.5em&#8220; global_colors_info=&#8220;{}&#8220;][\/et_pb_wc_rating][et_pb_wc_price _builder_version=&#8220;4.27.5&#8243; body_font=&#8220;|600|||||||&#8220; body_font_size=&#8220;46px&#8220; global_colors_info=&#8220;{}&#8220;][\/et_pb_wc_price][et_pb_wc_description _builder_version=&#8220;4.27.5&#8243; body_font=&#8220;||||||||&#8220; body_text_color=&#8220;#000000&#8243; body_font_size=&#8220;31px&#8220; body_line_height=&#8220;1.4em&#8220; global_colors_info=&#8220;{}&#8220;][\/et_pb_wc_description][et_pb_wc_add_to_cart _builder_version=&#8220;4.16&#8243; global_colors_info=&#8220;{}&#8220;][\/et_pb_wc_add_to_cart][et_pb_wc_meta _builder_version=&#8220;4.16&#8243; global_colors_info=&#8220;{}&#8220;][\/et_pb_wc_meta][\/et_pb_column][\/et_pb_row][et_pb_row _builder_version=&#8220;4.16&#8243; background_size=&#8220;initial&#8220; background_position=&#8220;top_left&#8220; background_repeat=&#8220;repeat&#8220; width=&#8220;100%&#8220; global_colors_info=&#8220;{}&#8220;][et_pb_column type=&#8220;4_4&#8243; _builder_version=&#8220;4.16&#8243; custom_padding=&#8220;|||&#8220; global_colors_info=&#8220;{}&#8220; custom_padding__hover=&#8220;|||&#8220;][et_pb_wc_tabs _builder_version=&#8220;4.27.5&#8243; body_font=&#8220;||||||||&#8220; body_font_size=&#8220;20px&#8220; tab_font=&#8220;||||||||&#8220; tab_font_size=&#8220;23px&#8220; tab_line_height=&#8220;1.3em&#8220; custom_css_free_form=&#8220;p { font-family: %22alumni-sans-pinstripe%22; }||h1 { font-family: %22alumni-sans-pinstripe%22; }||h2 { font-family: %22alumni-sans-pinstripe%22; }||h3 { font-family: %22alumni-sans-pinstripe%22; }||h4 { font-family: %22alumni-sans-pinstripe%22; }||h5 { font-family: %22alumni-sans-pinstripe%22; }||&#8220; global_colors_info=&#8220;{}&#8220;] [\/et_pb_wc_tabs][et_pb_wc_upsells _builder_version=&#8220;4.16&#8243; global_colors_info=&#8220;{}&#8220;][\/et_pb_wc_upsells][et_pb_wc_related_products _builder_version=&#8220;4.16&#8243; global_colors_info=&#8220;{}&#8220;][\/et_pb_wc_related_products][\/et_pb_column][\/et_pb_row][\/et_pb_section]<\/p>\n","protected":false},"excerpt":{"rendered":"<p><strong>Between Thoughts (vinyl edition album)<\/strong><br \/>\nhigh class vinyl(180g), includes digital download<br \/>\npuristic, no compromise, direct<\/p>\n<p>pre order via Mail (<a href=\"mailto:dominikus.ringeisen@web.de\">dominikus.ringeisen@web.de<\/a>)<br \/>\nprice 50 \u20ac<\/p>\n<p>Beim Kauf des Downloads kaufen Sie auch das physische Produkt &#8222;Between Thoughts (vinyl edition album) &#8220; und erhalten nach Bezahlung alle zugeh\u00f6rigen Inhalte zugeschickt oder k\u00f6nnen Sie bei Abholung direkt beim K\u00fcnstler abholen.<br \/>\nBei Versand zuz\u00fcglich Versandkosten von 5,90 \u20ac<\/p>\n","protected":false},"featured_media":687,"template":"","meta":{"_et_pb_use_builder":"on","_et_pb_old_content":"[gallery ids=\"687\"]","_et_gb_content_width":""},"product_brand":[],"product_cat":[84],"product_tag":[],"class_list":{"0":"post-689","1":"product","2":"type-product","3":"status-publish","4":"has-post-thumbnail","6":"product_cat-vinyl-album","8":"first","9":"outofstock","10":"downloadable","11":"purchasable","12":"product-type-simple"},"_links":{"self":[{"href":"https:\/\/www.dominikusringeisen.de\/index.php\/wp-json\/wp\/v2\/product\/689","targetHints":{"allow":["GET"]}}],"collection":[{"href":"https:\/\/www.dominikusringeisen.de\/index.php\/wp-json\/wp\/v2\/product"}],"about":[{"href":"https:\/\/www.dominikusringeisen.de\/index.php\/wp-json\/wp\/v2\/types\/product"}],"wp:featuredmedia":[{"embeddable":true,"href":"https:\/\/www.dominikusringeisen.de\/index.php\/wp-json\/wp\/v2\/media\/687"}],"wp:attachment":[{"href":"https:\/\/www.dominikusringeisen.de\/index.php\/wp-json\/wp\/v2\/media?parent=689"}],"wp:term":[{"taxonomy":"product_brand","embeddable":true,"href":"https:\/\/www.dominikusringeisen.de\/index.php\/wp-json\/wp\/v2\/product_brand?post=689"},{"taxonomy":"product_cat","embeddable":true,"href":"https:\/\/www.dominikusringeisen.de\/index.php\/wp-json\/wp\/v2\/product_cat?post=689"},{"taxonomy":"product_tag","embeddable":true,"href":"https:\/\/www.dominikusringeisen.de\/index.php\/wp-json\/wp\/v2\/product_tag?post=689"}],"curies":[{"name":"wp","href":"https:\/\/api.w.org\/{rel}","templated":true}]}}